he prime factors of 33605?
5, 11, 13, 47
What are the prime factors of 11525?
5, 461
List the prime factors of 25652.
2, 11, 53
What are the prime factors of 1099?
7, 157
List the prime factors of 805.
5, 7, 23
What are the prime factors of 14058?
2, 3, 11, 71
List the prime factors of 528.
2, 3, 11
List the prime factors of 5296.
2, 331
List the prime factors of 139424.
2, 4357
What are the prime factors of 52144?
2, 3259
What are the prime factors of 1019?
1019
List the prime factors of 1624.
2, 7, 29
List the prime factors of 8320.
2, 5, 13
What are the prime factors of 148649?
23, 281
What are the prime factors of 27898?
2, 13, 29, 37
List the prime factors of 3121.
3121
List the prime factors of 812.
2, 7, 29
List the prime factors of 7862.
2, 3931
What are the prime factors of 406?
2, 7, 29
What are the prime factors of 41872?
2, 2617
What are the prime factors of 57330?
2, 3, 5, 7, 13
List the prime factors of 40831.
7, 19, 307
What are the prime factors of 736?
2, 23
What are the prime factors of 3989?
3989
What are the prime factors of 1961?
37, 53
What are the prime factors of 1924?
2, 13, 37
List the prime factors of 6005.
5, 1201
What are the prime factors of 27990?
2, 3, 5, 311
What are the prime factors of 15845?
5, 3169
What are the prime factors of 46892?
2, 19, 617
What are the prime factors of 792?
2, 3, 11
What are the prime factors of 8024?
2, 17, 59
List the prime factors of 6919.
11, 17, 37
List the prime factors of 2109.
3, 19, 37
List the prime factors of 25163.
25163
List the prime factors of 1138.
2, 569
List the prime factors of 103122.
2, 3, 17, 337
What are the prime factors of 552?
2, 3, 23
List the prime factors of 2055.
3, 5, 137
What are the prime factors of 3992?
2, 499
List the prime factors of 119657.
119657
What are the prime factors of 796?
2, 199
List the prime factors of 1499.
1499
List the prime factors of 1494.
2, 3, 83
List the prime factors of 17601.
3, 5867
List the prime factors of 13951.
7, 1993
What are the prime factors of 15055?
5, 3011
List the prime factors of 850.
2, 5, 17
What are the prime factors of 1207?
17, 71
List the prime factors of 174.
2, 3, 29
What are the prime factors of 4674?
2, 3, 19, 41
What are the prime factors of 5485?
5, 1097
What are the prime factors of 979?
11, 89
List the prime factors of 63374.
2, 31687
List the prime factors of 15735.
3, 5, 1049
What are the prime factors of 30937?
30937
List the prime factors of 710.
2, 5, 71
What are the prime factors of 1632?
2, 3, 17
What are the prime factors of 13617?
3, 17, 89
What are the prime factors of 30048?
2, 3, 313
What are the prime factors of 2052?
2, 3, 19
What are the prime factors of 120168?
2, 3, 1669
What are the prime factors of 8660?
2, 5, 433
List the prime factors of 1074.
2, 3, 179
List the prime factors of 51418.
2, 47, 547
List the prime factors of 7154.
2, 7, 73
List the prime factors of 915.
3, 5, 61
List the prime factors of 1348.
2, 337
What are the prime factors of 4144?
2, 7, 37
What are the prime factors of 979?
11, 89
List the prime factors of 85.
5, 17
List the prime factors of 916.
2, 229
List the prime factors of 3674.
2, 11, 167
List the prime factors of 1090.
2, 5, 109
List the prime factors of 3589.
37, 97
List the prime factors of 1757.
7, 251
What are the prime factors of 1069?
1069
List the prime factors of 1993.
1993
What are the prime factors of 249?
3, 83
List the prime factors of 9047.
83, 109
What are the prime factors of 5226?
2, 3, 13, 67
List the prime factors of 110919.
3, 36973
List the prime factors of 2354.
2, 11, 107
List the prime factors of 1815.
3, 5, 11
List the prime factors of 2177.
7, 311
What are the prime factors of 2202?
2, 3, 367
List the prime factors of 226.
2, 113
List the prime factors of 533.
13, 41
List the prime factors of 1282.
2, 641
What are the prime factors of 1988?
2, 7, 71
List the prime factors of 10539.
3, 1171
List the prime factors of 2464.
2, 7, 11
List the prime factors of 1455.
3, 5, 97
List the prime factors of 3207.
3, 1069
List the prime factors of 117441.
3, 13049
What are the prime factors of 36986?
2, 18493
List the prime factors of 146.
2, 73
List the prime factors of 1412.
2, 353
List the prime factors of 4423.
4423
List the prime factors of 12890.
2, 5, 1289
What are the prime factors of 29812?
2, 29, 257
What are the prime factors of 567?
3, 7
List the prime factors of 26831.
7, 3833
List the prime factors of 25072.
2, 1567
What are the prime factors of 1346?
2, 673
What are the prime factors of 1747?
1747
List the prime factors of 14976.
2, 3, 13
What are the prime factors of 366?
2, 3, 61
What are the prime factors of 3507?
3, 7, 167
What are the prime factors of 14640?
2, 3, 5, 61
List the prime factors of 19272.
2, 3, 11, 73
List the prime factors of 9483.
3, 29, 109
What are the prime factors of 3184?
2, 199
List the prime factors of 6540.
2, 3, 5, 109
List the prime factors of 2289.
3, 7, 109
What are the prime factors of 13480?
2, 5, 337
What are the prime factors of 336?
2, 3, 7
List the prime factors of 3112.
2, 389
What are the prime factors of 116428?
2, 13, 2239
What are the prime factors of 3334?
2, 1667
What are the prime factors of 47100?
2, 3, 5, 157
List the prime factors of 57297.
3, 71, 269
List the prime factors of 9268.
2, 7, 331
List the prime factors of 469.
7, 67
List the prime factors of 30956.
2, 71, 109
List the prime factors of 789.
3, 263
List the prime factors of 72587.
29, 2503
What are the prime factors of 962?
2, 13, 37
List the prime factors of 806.
2, 13, 31
List the prime factors of 893.
19, 47
What are the prime factors of 1442?
2, 7, 103
List the prime factors of 6564.
2, 3, 547
What are the prime factors of 66?
2, 3, 11
List the prime factors of 1374.
2, 3, 229
What are the prime factors of 529?
23
List the prime factors of 14007.
3, 7, 23, 29
List the prime factors of 472.
2, 59
List the prime factors of 968.
2, 11
List the prime factors of 32692.
2, 11, 743
List the prime factors of 7498.
2, 23, 163
List the prime factors of 829.
829
List the prime factors of 2100.
2, 3, 5, 7
List the prime factors of 2695.
5, 7, 11
List the prime factors of 5225.
5, 11, 19
What are the prime factors of 101594?
2, 79, 643
What are the prime factors of 10803?
3, 13, 277
What are the prime factors of 401?
401
What are the prime factors of 16718?
2, 13, 643
List the prime factors of 2298.
2, 3, 383
What are the prime factors of 672?
2, 3, 7
What are the prime factors of 5402?
2, 37, 73
What are the prime factors of 487?
487
List the prime factors of 1956.
2, 3, 163
What are the prime factors of 141?
3, 47
List the prime factors of 98323.
98323
What are the prime factors of 1201?
1201
List the prime factors of 474.
2, 3, 79
List the prime factors of 549.
3, 61
What are the prime factors of 104201?
79, 1319
List the prime factors of 9667.
7, 1381
List the prime factors of 16625.
5, 7, 19
List the prime factors of 52004.
2, 13001
What are the prime factors of 1580?
2, 5, 79
List the prime factors of 734.
2, 367
What are the prime factors of 1529?
11, 139
What are the prime factors of 160?
2, 5
List the prime factors of 249.
3, 83
List the prime factors of 43577.
43577
List the prime factors of 77438.
2, 31, 1249
What are the prime factors of 724?
2, 181
List the prime factors of 5965.
5, 1193
List the prime factors of 549.
3, 61
List the prime factors of 888.
2, 3, 37
What are the prime factors of 7776?
2, 3
List the prime factors of 84597.
3, 163, 173
List the prime factors of 11414.
2, 13, 439
List the prime factors of 1389.
3, 463
What are the prime factors of 1430?
2, 5, 11, 13
What are the prime factors of 12333?
3, 4111
List the prime factors of 89763.
3, 29921
List the prime factors of 3473.
23, 151
List the prime factors of 21251.
79, 269
List the prime factors of 2689.
2689
List the prime factors of 863.
863
What are the prime factors of 67663?
71, 953
List the prime factors of 1530.
2, 3, 5, 17
List the prime factors of 2183.
37, 59
List the prime factors of 34469.
34469
What are the prime factors of 1473?
3, 491
List the prime factors of 66.
2, 3, 11
What are the prime factors of 12785?
5, 2557
List the prime factors of 296.
2, 37
What are the prime factors of 4921?
7, 19, 37
List the prime factors o